{"id":1089,"date":"2018-07-02T20:02:43","date_gmt":"2018-07-02T23:02:43","guid":{"rendered":"https:\/\/isfd810-chu.infd.edu.ar\/sitio\/prevencion-y-erradicacion-de-la-violencia-de-genero\/"},"modified":"2018-07-02T20:02:43","modified_gmt":"2018-07-02T23:02:43","slug":"prevencion-y-erradicacion-de-la-violencia-de-genero","status":"publish","type":"page","link":"https:\/\/isfd810-chu.infd.edu.ar\/sitio\/prevencion-y-erradicacion-de-la-violencia-de-genero\/","title":{"rendered":"Prevenci\u00f3n y Erradicaci\u00f3n de la Violencia de G\u00e9nero"},"content":{"rendered":"<p><a title=\"https:\/\/isfd810-chu.infd.edu.ar\/aula\/archivos\/repositorio\/\/500\/701\/Jornada_Nac_Educar_en_Igualdad_2017.pdf\" href=\"https:\/\/isfd810-chu.infd.edu.ar\/aula\/archivos\/repositorio\/\/500\/701\/Jornada_Nac_Educar_en_Igualdad_2017.pdf\" target=\"_NEW\">JORNADA NACIONAL&nbsp;&ldquo;EDUCAR EN IGUALDAD:&nbsp;PREVENCI&Oacute;N Y ERRADICACI&Oacute;N&nbsp;DE LA VIOLENCIA DE G&Eacute;NERO&rdquo; 2017<\/a><\/p>\n<p><a title=\"https:\/\/isfd810-chu.infd.edu.ar\/aula\/archivos\/repositorio\/\/500\/641\/Glosario.docx\" href=\"https:\/\/isfd810-chu.infd.edu.ar\/aula\/archivos\/repositorio\/\/500\/641\/Glosario.docx\" target=\"_NEW\">GLOSARIO<\/a><\/p>\n<p><a title=\"https:\/\/isfd810-chu.infd.edu.ar\/aula\/archivos\/repositorio\/\/500\/639\/Ley_N._27.234.docx\" href=\"https:\/\/isfd810-chu.infd.edu.ar\/aula\/archivos\/repositorio\/\/500\/639\/Ley_N._27.234.docx\" target=\"_NEW\">LEY N&ordm; 27.234<\/a><\/p>\n<p>&nbsp;<\/p>\n<p>Direcciones y tel&eacute;fonos &uacute;tiles<\/p>\n<p><strong>En Comodoro Rivadavia,<\/strong><\/p>\n<p>&rdquo;LA CASA&rdquo;&nbsp; DIRECCION DE GENERO : Desde 1997 trabajamos para brindarte: Asistencia terap&eacute;utica individual y grupal ante situaciones de violencia contra la mujer, asesoramiento legal , guardia telef&oacute;nica 24 hrs. , talleres de sensibilizaci&oacute;n y promoci&oacute;n sobre violencia de g&eacute;nero. Francia 840,<\/p>\n<p>tel&eacute;fono 4441996.<\/p>\n<p>Lunes a viernes de 08 a 15 hrs.<\/p>\n<p>Mail: <a href=\"mailto:sedelacasa@yahoo.com.ar\">sedelacasa@yahoo.com.ar<\/a><\/p>\n<p>Facebook: La Casa Direccion Genero<\/p>\n<p>&nbsp;<\/p>\n<p>&bull; L&iacute;nea telef&oacute;nica 144. Consejo Nacional de las Mujeres, destinada a brindar informaci&oacute;n, orientaci&oacute;n, asesoramiento y contenci&oacute;n para las mujeres en situaci&oacute;n de violencia de todo el pa&iacute;s, los 365 d&iacute;as del a&ntilde;o, las 24 horas, de manera gratuita.<\/p>\n<p>&bull; L&iacute;nea telef&oacute;nica 137. Ministerio de Justicia y Derechos Humanos de la Naci&oacute;n. Provee intervenci&oacute;n y orientaci&oacute;n social, psicol&oacute;gica y policial en calle y domicilio ante urgencias por violencia familiar.<\/p>\n<p>&bull; Oficina de Violencia Dom&eacute;stica de la Corte Suprema de Justicia. Atenci&oacute;n las 24 horas los 365 d&iacute;as del a&ntilde;o. Dependiente de la Corte Suprema de Justicia de la Naci&oacute;n. Recibe denuncias judiciales de violencia familiar. Lavalle 1250, Ciudad de Buenos Aires. Tel.: (011) 4370-4600 (int. 4510 al 4514).<\/p>\n<p>&bull; Oficina de Asistencia Integral a la V&iacute;ctima de Delito. Dependiente de la Procuraci&oacute;n General de la Naci&oacute;n. Da asesoramiento legal y contenci&oacute;n psicol&oacute;gica en el proceso de denuncia. Pte. Per&oacute;n 2455, 1&deg; piso, Ciudad de Buenos Aires. Tel.: (011) 4952-9980 \/ 8629.<\/p>\n<p>&bull; Centro de Orientaci&oacute;n a la V&iacute;ctima. Dependiente de la Polic&iacute;a Federal Argentina. Recibe denuncias y provee orientaci&oacute;n social, psicol&oacute;gica y legal ante situaciones de violencia familiar. Avda. Las Heras 1855, 1&deg; piso, Ciudad de Buenos Aires. Tel.: (011) 4801-4444 o l&iacute;nea 131 (pedir con el interno del Centro de Orientaci&oacute;n a la V&iacute;ctima).<\/p>\n<p>&bull; Centro de Atenci&oacute;n a V&iacute;ctimas de Violencia sexual. Dependiente de la Polic&iacute;a Federal Argentina. Recibe denuncias y provee orientaci&oacute;n social, psicol&oacute;gica y legal ante situaciones de violencia sexual. Pasaje Peluffo 3981, Ciudad de Buenos Aires. Tel.: (011) 4981-6882 104.<\/p>\n<p>&bull; Brigada M&oacute;vil de Intervenci&oacute;n en Urgencias con V&iacute;ctimas de Delitos Sexuales. Dependiente del Ministerio de Justicia, Seguridad y Derechos Humanos de la Naci&oacute;n. Provee orientaci&oacute;n, acompa&ntilde;amiento para la atenci&oacute;n de la salud e informaci&oacute;n durante el proceso de la denuncia por violencia sexual. Recibe denuncias en cualquier comisar&iacute;a o llamando al (011) 4958-4291 o 4981-6882. Sitios de Internet<\/p>\n<p>&nbsp;&bull; Programa Nacional de Educaci&oacute;n Sexual Integral: esi.educ.ar<\/p>\n<p>&bull; Consejo Nacional de las Mujeres. Recursos para la atenci&oacute;n integral de las mujeres en situaci&oacute;n de violencia: <a href=\"http:\/\/www.cnm.gov.ar\/GNR\/GuiaNacionalDeRecursosArgentina.html\">www.cnm.gov.ar\/GNR\/GuiaNacionalDeRecursosArgentina.html<\/a><\/p>\n<p>&bull; Corte Suprema de Justicia de la Naci&oacute;n. Oficina de la Mujer: <a href=\"http:\/\/www.csjn.gov.ar\/om\/index.jsp\">www.csjn.gov.ar\/om\/index.jsp<\/a><\/p>\n<p>&bull; Ministerio de Justicia y Derechos Humanos. Atenci&oacute;n a las v&iacute;ctimas de Violencia Familiar: www. jus.gov.ar\/atencion-al-ciudadano\/atencion-a-las-victimas\/violencia-familiar.aspx<\/p>\n<p>&bull; Corte Suprema de Justicia de la Naci&oacute;n. Oficina de Violencia Dom&eacute;stica: <a href=\"http:\/\/www.ovd.gov.ar\/ov\">www.ovd.gov.ar\/ov<\/a><\/p><\/p>\n","protected":false},"excerpt":{"rendered":"<p>JORNADA NACIONAL&nbsp;&ldquo;EDUCAR EN IGUALDAD:&nbsp;PREVENCI&Oacute;N Y ERRADICACI&Oacute;N&nbsp;DE LA VIOLENCIA DE G&Eacute;NERO&rdquo; 2017 GLOSARIO LEY N&ordm; 27.234 &nbsp; Direcciones y tel&eacute;fonos &uacute;tiles En Comodoro Rivadavia, &rdquo;LA CASA&rdquo;&nbsp; DIRECCION DE GENERO : Desde 1997 trabajamos para brindarte: Asistencia terap&eacute;utica individual y grupal ante situaciones de violencia contra la mujer, asesoramiento legal , guardia telef&oacute;nica 24 hrs. , talleres &#8230; <a title=\"Prevenci\u00f3n y Erradicaci\u00f3n de la Violencia de G\u00e9nero\" class=\"read-more\" href=\"https:\/\/isfd810-chu.infd.edu.ar\/sitio\/prevencion-y-erradicacion-de-la-violencia-de-genero\/\" aria-label=\"More on Prevenci\u00f3n y Erradicaci\u00f3n de la Violencia de G\u00e9nero\">[+]<\/a><\/p>\n","protected":false},"author":1283,"featured_media":0,"parent":0,"menu_order":0,"comment_status":"closed","ping_status":"closed","template":"","meta":[],"acf":[],"_links":{"self":[{"href":"https:\/\/isfd810-chu.infd.edu.ar\/sitio\/wp-json\/wp\/v2\/pages\/1089"}],"collection":[{"href":"https:\/\/isfd810-chu.infd.edu.ar\/sitio\/wp-json\/wp\/v2\/pages"}],"about":[{"href":"https:\/\/isfd810-chu.infd.edu.ar\/sitio\/wp-json\/wp\/v2\/types\/page"}],"author":[{"embeddable":true,"href":"https:\/\/isfd810-chu.infd.edu.ar\/sitio\/wp-json\/wp\/v2\/users\/1283"}],"replies":[{"embeddable":true,"href":"https:\/\/isfd810-chu.infd.edu.ar\/sitio\/wp-json\/wp\/v2\/comments?post=1089"}],"version-history":[{"count":0,"href":"https:\/\/isfd810-chu.infd.edu.ar\/sitio\/wp-json\/wp\/v2\/pages\/1089\/revisions"}],"wp:attachment":[{"href":"https:\/\/isfd810-chu.infd.edu.ar\/sitio\/wp-json\/wp\/v2\/media?parent=1089"}],"curies":[{"name":"wp","href":"https:\/\/api.w.org\/{rel}","templated":true}]}}