{"id":1128,"date":"2018-07-02T20:03:02","date_gmt":"2018-07-02T23:03:02","guid":{"rendered":"https:\/\/isfd810-chu.infd.edu.ar\/sitio\/biblioteca\/"},"modified":"2022-12-02T11:05:16","modified_gmt":"2022-12-02T14:05:16","slug":"biblioteca","status":"publish","type":"page","link":"https:\/\/isfd810-chu.infd.edu.ar\/sitio\/biblioteca\/","title":{"rendered":"Biblioteca"},"content":{"rendered":"<p><strong>Bibliotecarias <\/strong><\/p>\n<p>Mariana Cornal\u00f3. Turno ma\u00f1ana: 07:30\u00a0 a 12:00 hs<\/p>\n<p>Vanesa Valerio. Turno tarde: 14:30 a 19:30 hs<\/p>\n<p>Tel\u00e9fono: 0297 &#8211; 4550430<\/p>\n<p><strong>Servicios<\/strong><\/p>\n<p>Actualmente la biblioteca cuenta con 1930 vol\u00famenes, entre los cuales se encuentran: libros de texto, revistas, CD, Videos, apuntes y legislaci\u00f3n educativa y relacionada con la actividad f\u00edsica y el deporte.<\/p>\n<p>La biblioteca se constituye as\u00ed en un lugar importante de referencia, b\u00fasqueda y asesoramiento en\u00a0 cuanto a material espec\u00edfico de Educaci\u00f3n F\u00edsica y temas relacionados, para los estudiantes y docentes de la instituci\u00f3n profesores como para profesores y\/o ex alumnos de la misma .<\/p>\n<p>En cuanto al origen de los materiales en existencia, son adquiridos a trav\u00e9s de donaciones (realizadas por ex alumnos o profesores), donaciones del Ministerio de Educaci\u00f3n y por compra en los casos que la instituci\u00f3n cuenta con recursos y de acuerdo a necesidades prioritarias.<\/p>\n<p>De acuerdo a las \u00e1reas disciplinares, temas y actividades relacionadas con la formaci\u00f3n de grado espec\u00edfica, en nuestra biblioteca se puede acceder a materiales relacionados con:<\/p>\n<p>-Deportes: f\u00fatbol, b\u00e1squetbol , voleibol , atletismo , nataci\u00f3n , hockey , rugby, handball , gimnasia.<\/p>\n<p>\u00a0-Actividad f\u00edsica.<\/p>\n<p>-Anatom\u00eda y Fisiolog\u00eda.<\/p>\n<p>-Educaci\u00f3n F\u00edsica en los diferentes niveles del sistema educativo.<\/p>\n<p>-Juego y recreaci\u00f3n.<\/p>\n<p>-Vida en la naturaleza.<\/p>\n<p>&#8211; Formaci\u00f3n Docente (Psicolog\u00eda, Pedagog\u00eda, Filosof\u00eda, Investigaci\u00f3n Educativa, Did\u00e1ctica).<\/p>\n<p>\u00a0-Legislaci\u00f3n educativa.<\/p>\n<p>-Literatura nacional, latinoamericana y universal.<\/p>\n<p><strong>\u00a0<\/strong>Nuestra biblioteca cuenta con el programa AGUAPEY , La Biblioteca Nacional de Maestros de la Rep\u00fablica Argentina inici\u00f3 una transformaci\u00f3n para las bibliotecas escolares con la puesta en marcha del Programa BERA (Bibliotecas Escolares y Especializadas de la Rep\u00fablica Argentina). Este proyecto propone la modernizaci\u00f3n de las bibliotecas escolares partiendo de par\u00e1metros de gesti\u00f3n internacionales que posibilitar\u00e1n el registro de la informaci\u00f3n disponible en sus acervos, la catalogaci\u00f3n por copia a partir de la base de datos generada por la BNM, la agilizaci\u00f3n del sistema de circulaci\u00f3n, la conformaci\u00f3n de redes y la creaci\u00f3n en un futuro de un cat\u00e1logo colectivo que facilite la localizaci\u00f3n de la informaci\u00f3n en cualquier punto del pa\u00eds.<\/p>\n<p>El programa cuenta con la posibilidad de catalogar datos de referencia del material existente en la biblioteca .Tambi\u00e9n posee una base de datos referente\u00a0 a los usuarios de la biblioteca y un sistema denominado <em>opac <\/em>\u00a0, utilizado para b\u00fasquedas r\u00e1pidas de materiales bibliogr\u00e1ficos\u00a0 de acuerdo a temas , contenidos o soportes ( CD, libros , revistas etc )<\/p>\n<p>\u00a0<\/p>\n\n\n<p><span style=\"color: #0000ff; font-size: 10pt;\"><strong style=\"mso-bidi-font-weight: normal;\">&nbsp;<\/strong> <\/span><\/p>\n","protected":false},"excerpt":{"rendered":"<p>Bibliotecarias Mariana Cornal\u00f3. Turno ma\u00f1ana: 07:30\u00a0 a 12:00 hs Vanesa Valerio. Turno tarde: 14:30 a 19:30 hs Tel\u00e9fono: 0297 &#8211; 4550430 Servicios Actualmente la biblioteca cuenta con 1930 vol\u00famenes, entre los cuales se encuentran: libros de texto, revistas, CD, Videos, apuntes y legislaci\u00f3n educativa y relacionada con la actividad f\u00edsica y el deporte. La biblioteca &#8230; <a title=\"Biblioteca\" class=\"read-more\" href=\"https:\/\/isfd810-chu.infd.edu.ar\/sitio\/biblioteca\/\" aria-label=\"More on Biblioteca\">[+]<\/a><\/p>\n","protected":false},"author":1283,"featured_media":0,"parent":0,"menu_order":0,"comment_status":"closed","ping_status":"closed","template":"","meta":[],"acf":[],"_links":{"self":[{"href":"https:\/\/isfd810-chu.infd.edu.ar\/sitio\/wp-json\/wp\/v2\/pages\/1128"}],"collection":[{"href":"https:\/\/isfd810-chu.infd.edu.ar\/sitio\/wp-json\/wp\/v2\/pages"}],"about":[{"href":"https:\/\/isfd810-chu.infd.edu.ar\/sitio\/wp-json\/wp\/v2\/types\/page"}],"author":[{"embeddable":true,"href":"https:\/\/isfd810-chu.infd.edu.ar\/sitio\/wp-json\/wp\/v2\/users\/1283"}],"replies":[{"embeddable":true,"href":"https:\/\/isfd810-chu.infd.edu.ar\/sitio\/wp-json\/wp\/v2\/comments?post=1128"}],"version-history":[{"count":6,"href":"https:\/\/isfd810-chu.infd.edu.ar\/sitio\/wp-json\/wp\/v2\/pages\/1128\/revisions"}],"predecessor-version":[{"id":2697,"href":"https:\/\/isfd810-chu.infd.edu.ar\/sitio\/wp-json\/wp\/v2\/pages\/1128\/revisions\/2697"}],"wp:attachment":[{"href":"https:\/\/isfd810-chu.infd.edu.ar\/sitio\/wp-json\/wp\/v2\/media?parent=1128"}],"curies":[{"name":"wp","href":"https:\/\/api.w.org\/{rel}","templated":true}]}}