{"id":1210,"date":"2018-07-02T20:03:44","date_gmt":"2018-07-02T23:03:44","guid":{"rendered":"https:\/\/isfd810-chu.infd.edu.ar\/sitio\/evaluacion-mayores-de-25-anos\/"},"modified":"2025-03-10T11:09:17","modified_gmt":"2025-03-10T14:09:17","slug":"evaluacion-mayores-de-25-anos","status":"publish","type":"page","link":"https:\/\/isfd810-chu.infd.edu.ar\/sitio\/evaluacion-mayores-de-25-anos\/","title":{"rendered":"Evaluaci\u00f3n mayores de 25 a\u00f1os"},"content":{"rendered":"<p><span style=\"font-size: 40px; font-weight: bold;\">Programa mayores de 25<\/span><\/p>\n<div id=\"main-content\">\n<div class=\"wrapper clearfix\">\n<div class=\"contenedora clearfix\">\n<div class=\"col-a\">\n<div class=\"kopa-single-1\">\n<div id=\"post-38595\" class=\"post-38595 post type-post status-publish format-standard has-post-thumbnail hentry category-programas entry-box clearfix\">\n<div class=\"elements-box\">\n<h2 class=\"entry-subtitle\">Contactos<\/h2>\n<div class=\"contacto\"><\/div>\n<div id=\"metaslider_41236\" class=\"flexslider\" style=\"display: inline !important;\">\n<ul class=\"slides\" style=\"display: inline !important;\">\n<li class=\"slide-41237 ms-image\" style=\"display: block; width: 100%;\"><strong style=\"font-size: revert;\">SEDES PROVINCIALES PARA INSCRIPCI\u00d3N:<\/strong><\/li>\n<\/ul>\n<\/div>\n<div class=\"metaslider metaslider-flex metaslider-41236 ml-slider\" style=\"max-width: 800px;\">\n<div class=\"contacto\">\n<div>\n<ul>\n<li><strong>Trelew:<\/strong> ISFD N\u00ba 805<br \/>\n<strong>Direcci\u00f3n:<\/strong> Roque Gonz\u00e1lez y Jos\u00e9 Berreta(9100) \u2013 Chubut<br \/>\n<strong>e-mail:<\/strong>\u00a0<a href=\"mailto:instituto805tw@yahoo.com.ar\">instituto805tw@yahoo.com.ar<br \/>\n<\/a><strong>Tel:<\/strong> (0280) 4427668<br \/>\n<strong>Horario:\u00a0<\/strong>Turno Ma\u00f1ana: 9 a 12 hs y Tarde: 18 a 20:30<\/li>\n<\/ul>\n<\/div>\n<p><strong>\u00a0<\/strong><\/p>\n<div>\n<ul>\n<li><strong>Puerto Madryn:<\/strong> ISFD N\u00ba\u00a0 803<br \/>\n<strong>Direcci\u00f3n:\u00a0<\/strong>25 De Mayo S\/N (esq\/ Rivadavia Y Moreno) (9120)<br \/>\n<strong>e-mail:\u00a0\u00a0<\/strong> Secretar\u00eda \u2013<a href=\"mailto:isfd803@hotmail.com\" target=\"_blank\" rel=\"noopener noreferrer\">isfd803@hotmail.com<br \/>\n<\/a><strong>Tel:<\/strong> 0280-4457769<br \/>\n<strong>Horario:<\/strong> A partir de las 18 hs<\/li>\n<\/ul>\n<\/div>\n<p><strong>\u00a0\u00a0\u00a0\u00a0\u00a0\u00a0\u00a0\u00a0\u00a0\u00a0\u00a0 <\/strong><\/p>\n<div>\n<ul>\n<li><strong>Rawson:<\/strong> ISF N\u00ba 816<br \/>\n<strong>Direcci\u00f3n:<\/strong> Federicci y Vuelta de Obligado<br \/>\n<strong>Escuela N\u00ba<\/strong>: 7705 B\u00ba San Pablo<br \/>\n<strong>e-mail:<\/strong>\u00a0<a href=\"mailto:ies816rw@gmail.com\">ies816rw@gmail.com<\/a><strong><a href=\"mailto:ies816rw@gmail.com\"><br \/>\n<\/a>Horario:\u00a0<\/strong>A partir de las 18 hs<\/li>\n<\/ul>\n<\/div>\n<ul>\n<li><strong>Comodoro Rivadavia<\/strong>: ISFD N\u00ba 802<br \/>\n<strong>Direcci\u00f3n:<\/strong> Hip\u00f3lito Irigoyen N\u00ba 748 (Esc. Provincial N\u00b0 1)<br \/>\n<strong>e-mail:<\/strong>\u00a0<a href=\"mailto:escuela802@yahoo.com.ar\">escuela802@yahoo.com.ar<br \/>\n<\/a><strong>Tel:<\/strong> (0297) \u2013 4463943<br \/>\n<strong>Horario:<\/strong> \u00a0A partir de las 18 hs<\/li>\n<\/ul>\n<div>\n<\/div>\n<div>\n<ul>\n<li><strong>Esquel:<\/strong> ISFD N\u00ba\u00a0 804<br \/>\n<strong>Direcci\u00f3n:<\/strong> S\u00e1enz Pe\u00f1a 2352<br \/>\n<strong>e-mail:<\/strong> <a href=\"mailto:escuela804@speedy.com.ar\">escuela804@speedy.com.ar<\/a><br \/>\n<strong>Tel:<\/strong> (02945) 451413 y 453958<br \/>\n<strong>Horario:<\/strong> A partir de las 18 hs<\/li>\n<\/ul>\n<\/div>\n<ul>\n<li><strong>Lago Puelo:<\/strong> ISFD N\u00ba\u00a0 813<br \/>\n<strong>Direcci\u00f3n:<\/strong> RemigioNogu\u00e9s s\/n<br \/>\n<strong>e-mail:<\/strong> <a href=\"mailto:isfd813@isfd813lagopuelo.edu.ar\" target=\"_blank\" rel=\"noopener noreferrer\">isfd813@isfd813lagopuelo.edu.ar<br \/>\n<\/a><strong>Tel:<\/strong>\u00a0(0294) 4499748\/446<a href=\"http:\/\/www.isfdo13lagopuelo.edu.ar\" target=\"_blank\" rel=\"noopener noreferrer\"><br \/>\n<\/a><strong>Horario:<\/strong>\u00a0a partir de las 18 hs<\/li>\n<\/ul>\n<\/div>\n<div class=\"destacar\">\n<\/div>\n<\/div>\n<\/div>\n<\/div>\n<\/div>\n<\/div>\n<\/div>\n<\/div>\n<\/div>\n","protected":false},"excerpt":{"rendered":"<p>Programa mayores de 25 Contactos SEDES PROVINCIALES PARA INSCRIPCI\u00d3N: Trelew: ISFD N\u00ba 805 Direcci\u00f3n: Roque Gonz\u00e1lez y Jos\u00e9 Berreta(9100) \u2013 Chubut e-mail:\u00a0instituto805tw@yahoo.com.ar Tel: (0280) 4427668 Horario:\u00a0Turno Ma\u00f1ana: 9 a 12 hs y Tarde: 18 a 20:30 \u00a0 Puerto Madryn: ISFD N\u00ba\u00a0 803 Direcci\u00f3n:\u00a025 De Mayo S\/N (esq\/ Rivadavia Y Moreno) (9120) e-mail:\u00a0\u00a0 Secretar\u00eda \u2013isfd803@hotmail.com Tel: &#8230; <a title=\"Evaluaci\u00f3n mayores de 25 a\u00f1os\" class=\"read-more\" href=\"https:\/\/isfd810-chu.infd.edu.ar\/sitio\/evaluacion-mayores-de-25-anos\/\" aria-label=\"More on Evaluaci\u00f3n mayores de 25 a\u00f1os\">[+]<\/a><\/p>\n","protected":false},"author":1283,"featured_media":0,"parent":0,"menu_order":0,"comment_status":"closed","ping_status":"closed","template":"","meta":[],"acf":[],"_links":{"self":[{"href":"https:\/\/isfd810-chu.infd.edu.ar\/sitio\/wp-json\/wp\/v2\/pages\/1210"}],"collection":[{"href":"https:\/\/isfd810-chu.infd.edu.ar\/sitio\/wp-json\/wp\/v2\/pages"}],"about":[{"href":"https:\/\/isfd810-chu.infd.edu.ar\/sitio\/wp-json\/wp\/v2\/types\/page"}],"author":[{"embeddable":true,"href":"https:\/\/isfd810-chu.infd.edu.ar\/sitio\/wp-json\/wp\/v2\/users\/1283"}],"replies":[{"embeddable":true,"href":"https:\/\/isfd810-chu.infd.edu.ar\/sitio\/wp-json\/wp\/v2\/comments?post=1210"}],"version-history":[{"count":2,"href":"https:\/\/isfd810-chu.infd.edu.ar\/sitio\/wp-json\/wp\/v2\/pages\/1210\/revisions"}],"predecessor-version":[{"id":3423,"href":"https:\/\/isfd810-chu.infd.edu.ar\/sitio\/wp-json\/wp\/v2\/pages\/1210\/revisions\/3423"}],"wp:attachment":[{"href":"https:\/\/isfd810-chu.infd.edu.ar\/sitio\/wp-json\/wp\/v2\/media?parent=1210"}],"curies":[{"name":"wp","href":"https:\/\/api.w.org\/{rel}","templated":true}]}}