{"id":2646,"date":"2022-12-01T09:40:32","date_gmt":"2022-12-01T12:40:32","guid":{"rendered":"https:\/\/isfd810-chu.infd.edu.ar\/sitio\/?page_id=2646"},"modified":"2022-12-01T11:29:34","modified_gmt":"2022-12-01T14:29:34","slug":"historia_isfd810","status":"publish","type":"page","link":"https:\/\/isfd810-chu.infd.edu.ar\/sitio\/historia_isfd810\/","title":{"rendered":"Historia del ISFD N\u00ba 810"},"content":{"rendered":"\n<p class=\"has-text-align-left\">El Ministerio de Educaci\u00f3n de la Naci\u00f3n junto con la Direcci\u00f3n Nacional de Educaci\u00f3n F\u00edsica Deportes y Recreaci\u00f3n, incluyen en su programa para el a\u00f1o 1983, la creaci\u00f3n de un Instituto del Profesorado de Educaci\u00f3n F\u00edsica en la Patagonia.<\/p>\n\n\n\n<p>Entendiendo que Comodoro Rivadavia reun\u00eda las mejores condiciones para que el mismo sea destinado en esta ciudad, un grupo de profesionales vislumbran la necesidad de contar con una instituci\u00f3n dedicada a la formaci\u00f3n de docentes de la especialidad. No es un simple esp\u00edritu localista el que mueve a juntar opiniones para que se destine a nuestra ciudad esta nueva casa de estudios sino el convencimiento de que Comodoro Rivadavia puede ofrecer la infraestructura material, deportiva y humana m\u00e1s completa de la Patagonia. Por su condici\u00f3n de ciudad mayor, dispon\u00eda del m\u00e1s elevado n\u00famero de docentes y profesionales aptos para el dictado de las c\u00e1tedras, adem\u00e1s de ser el asiento del mayor n\u00famero de Federaciones Deportivas de toda la&nbsp; Patagonia.&nbsp;<\/p>\n\n\n\n<figure class=\"wp-block-image size-large\"><img decoding=\"async\" loading=\"lazy\" width=\"1600\" height=\"585\" src=\"https:\/\/isfd810-chu.infd.edu.ar\/sitio\/wp-content\/uploads\/2022\/12\/Aerea_Comodoro-4.jpg\" alt=\"\" class=\"wp-image-2668\" srcset=\"https:\/\/isfd810-chu.infd.edu.ar\/sitio\/wp-content\/uploads\/2022\/12\/Aerea_Comodoro-4.jpg 1600w, https:\/\/isfd810-chu.infd.edu.ar\/sitio\/wp-content\/uploads\/2022\/12\/Aerea_Comodoro-4-1000x366.jpg 1000w, https:\/\/isfd810-chu.infd.edu.ar\/sitio\/wp-content\/uploads\/2022\/12\/Aerea_Comodoro-4-768x281.jpg 768w, https:\/\/isfd810-chu.infd.edu.ar\/sitio\/wp-content\/uploads\/2022\/12\/Aerea_Comodoro-4-1536x562.jpg 1536w\" sizes=\"(max-width: 1600px) 100vw, 1600px\" \/><\/figure>\n\n\n\n<p>El Director Nacional de Educaci\u00f3n F\u00edsica, Prof. Jorge Genovese propone la idea, conociendo el medio. El mismo, en contacto con la prensa manifest\u00f3 (A\u00f1o 1983): \u201cPor razones de necesidad propia, conozco a la Patagonia y estoy vinculado a ella y hemos estudiado la posibilidad que en esta parte del pa\u00eds tengan tambi\u00e9n la posibilidad&nbsp; que egresen sus propios Profesores de Educaci\u00f3n F\u00edsica, para que queden radicados en su propio terru\u00f1o. Yo veo que el chico que va a la Capital Federal a realizar sus estudios, se ilusiona con la gran ciudad y en vez de ganar un profesor, lo perdemos como tal y como habitante. Pienso que instalando un Instituto Nacional de Educaci\u00f3n F\u00edsica en Comodoro Rivadavia, va a representar un centro de atracci\u00f3n para todos aquellos lugares alejados, que podr\u00edan venir ac\u00e1 en car\u00e1cter de becados, vivir aqu\u00ed, egresar de ac\u00e1 y volver a brindarle a su regi\u00f3n los beneficios de la educaci\u00f3n f\u00edsica\u201d.<\/p>\n\n\n\n<p><\/p>\n\n\n\n<h2 class=\"wp-block-heading\">Fundaci\u00f3n<\/h2>\n\n\n\n<div class=\"wp-block-media-text is-stacked-on-mobile is-vertically-aligned-center\" style=\"grid-template-columns:15% auto\"><figure class=\"wp-block-media-text__media\"><img decoding=\"async\" loading=\"lazy\" width=\"330\" height=\"448\" src=\"https:\/\/isfd810-chu.infd.edu.ar\/sitio\/wp-content\/uploads\/2022\/12\/diario3.jpg\" alt=\"\" class=\"wp-image-2671 size-full\"\/><\/figure><div class=\"wp-block-media-text__content\">\n<p class=\"has-normal-font-size\">El 12 de agosto de 1983, en el despacho comunal de nuestra ciudad se procedi\u00f3 a la firma del convenio para la puesta en funcionamiento del Instituto Nacional de Educaci\u00f3n F\u00edsica. La misma estuvo a cargo del Director Nacional de Educaci\u00f3n F\u00edsica, Deportes y Recreaci\u00f3n Coronel (R)&nbsp; Jorge Genovese y el Intendente Municipal Roberto Pascual Di\u00e9. El convenio para la puesta en marcha llev\u00f3 el N\u00b0 1.100 y estuvo refrendado por el Ministro de Educaci\u00f3n de la Naci\u00f3n, Lic. Cayetano Licciardo con fecha 26\/07. Se realizan los correspondientes concursos de antecedentes y se elevan las propuestas. As\u00ed es que por Disposici\u00f3n 1324 del 9 de septiembre&nbsp; de 1983, se crea el Instituto Nacional de Educaci\u00f3n F\u00edsica de Comodoro Rivadavia.<\/p>\n<\/div><\/div>\n\n\n\n<h2 class=\"wp-block-heading\">Origen de su nombre<\/h2>\n\n\n\n<p>Ante la necesidad de imponer nombre al Instituto Nacional de Educaci\u00f3n F\u00edsica de Comodoro Rivadavia, se propuso para concretar esta idea (en homenaje a quien tanto hizo por la educaci\u00f3n f\u00edsica en la zona patag\u00f3nica) al profesor Fidel Antonio P\u00e9rez Moreno, (fallecido el 11 de septiembre de 1976). Se comenzaron&nbsp; las gestiones administrativas pertinentes ante la&nbsp;<em>D.N<\/em><em>.E.F.D.y R<\/em>.&nbsp; para lograr el objetivo propuesto.&nbsp;<\/p>\n\n\n\n<p>Luego de los diligenciamientos consecuentes, el&nbsp; 11 de septiembre&nbsp; de 1986, en coincidencia con el 3\u00b0 Aniversario de la Instituci\u00f3n se realiza el acto de Imposici\u00f3n del nombre: \u201cProf. Fidel A. Perez Moreno\u201d,&nbsp; en honor de quien como dirigente fue un positivo valuarte para el Atletismo logrando que la Federaci\u00f3n de Atletismo del Chubut, sea conocida en todo nuestro pa\u00eds con significativa representatividad.<\/p>\n\n\n\n<figure class=\"wp-block-image size-large\"><img decoding=\"async\" loading=\"lazy\" width=\"1440\" height=\"550\" src=\"https:\/\/isfd810-chu.infd.edu.ar\/sitio\/wp-content\/uploads\/2022\/12\/241239608_837921673754273_5606925130067139976_n-1.jpg\" alt=\"\" class=\"wp-image-2679\" srcset=\"https:\/\/isfd810-chu.infd.edu.ar\/sitio\/wp-content\/uploads\/2022\/12\/241239608_837921673754273_5606925130067139976_n-1.jpg 1440w, https:\/\/isfd810-chu.infd.edu.ar\/sitio\/wp-content\/uploads\/2022\/12\/241239608_837921673754273_5606925130067139976_n-1-1000x382.jpg 1000w, https:\/\/isfd810-chu.infd.edu.ar\/sitio\/wp-content\/uploads\/2022\/12\/241239608_837921673754273_5606925130067139976_n-1-768x293.jpg 768w\" sizes=\"(max-width: 1440px) 100vw, 1440px\" \/><\/figure>\n\n\n\n<p>Tras la firma del Contrato de Comodato&nbsp; entre el Ministerio de Cultura y Educaci\u00f3n de la Naci\u00f3n y el entonces Consejo Provincial de Educaci\u00f3n de la provincia del Chubut, (que cede en forma gratuita el uso del local escolar ubicado en Barrio Ameghino)&nbsp; el&nbsp; Instituto de Educaci\u00f3n F\u00edsica cambia su sede&nbsp; en el mes de&nbsp; febrero del a\u00f1o 1991.<\/p>\n\n\n\n<h2 class=\"wp-block-heading\">Infograf\u00eda<\/h2>\n\n\n\n<figure class=\"wp-block-image size-large\"><img decoding=\"async\" loading=\"lazy\" width=\"1900\" height=\"1343\" src=\"https:\/\/isfd810-chu.infd.edu.ar\/sitio\/wp-content\/uploads\/2021\/09\/infografia-1900x1343.jpg\" alt=\"\" class=\"wp-image-2035\" srcset=\"https:\/\/isfd810-chu.infd.edu.ar\/sitio\/wp-content\/uploads\/2021\/09\/infografia-1900x1343.jpg 1900w, https:\/\/isfd810-chu.infd.edu.ar\/sitio\/wp-content\/uploads\/2021\/09\/infografia-1000x707.jpg 1000w, https:\/\/isfd810-chu.infd.edu.ar\/sitio\/wp-content\/uploads\/2021\/09\/infografia-768x543.jpg 768w, https:\/\/isfd810-chu.infd.edu.ar\/sitio\/wp-content\/uploads\/2021\/09\/infografia-1536x1086.jpg 1536w, https:\/\/isfd810-chu.infd.edu.ar\/sitio\/wp-content\/uploads\/2021\/09\/infografia.jpg 1986w\" sizes=\"(max-width: 1900px) 100vw, 1900px\" \/><\/figure>\n","protected":false},"excerpt":{"rendered":"<p>El Ministerio de Educaci\u00f3n de la Naci\u00f3n junto con la Direcci\u00f3n Nacional de Educaci\u00f3n F\u00edsica Deportes y Recreaci\u00f3n, incluyen en su programa para el a\u00f1o 1983, la creaci\u00f3n de un Instituto del Profesorado de Educaci\u00f3n F\u00edsica en la Patagonia. Entendiendo que Comodoro Rivadavia reun\u00eda las mejores condiciones para que el mismo sea destinado en esta &#8230; <a title=\"Historia del ISFD N\u00ba 810\" class=\"read-more\" href=\"https:\/\/isfd810-chu.infd.edu.ar\/sitio\/historia_isfd810\/\" aria-label=\"More on Historia del ISFD N\u00ba 810\">[+]<\/a><\/p>\n","protected":false},"author":1283,"featured_media":0,"parent":0,"menu_order":0,"comment_status":"closed","ping_status":"closed","template":"","meta":[],"acf":[],"_links":{"self":[{"href":"https:\/\/isfd810-chu.infd.edu.ar\/sitio\/wp-json\/wp\/v2\/pages\/2646"}],"collection":[{"href":"https:\/\/isfd810-chu.infd.edu.ar\/sitio\/wp-json\/wp\/v2\/pages"}],"about":[{"href":"https:\/\/isfd810-chu.infd.edu.ar\/sitio\/wp-json\/wp\/v2\/types\/page"}],"author":[{"embeddable":true,"href":"https:\/\/isfd810-chu.infd.edu.ar\/sitio\/wp-json\/wp\/v2\/users\/1283"}],"replies":[{"embeddable":true,"href":"https:\/\/isfd810-chu.infd.edu.ar\/sitio\/wp-json\/wp\/v2\/comments?post=2646"}],"version-history":[{"count":20,"href":"https:\/\/isfd810-chu.infd.edu.ar\/sitio\/wp-json\/wp\/v2\/pages\/2646\/revisions"}],"predecessor-version":[{"id":2686,"href":"https:\/\/isfd810-chu.infd.edu.ar\/sitio\/wp-json\/wp\/v2\/pages\/2646\/revisions\/2686"}],"wp:attachment":[{"href":"https:\/\/isfd810-chu.infd.edu.ar\/sitio\/wp-json\/wp\/v2\/media?parent=2646"}],"curies":[{"name":"wp","href":"https:\/\/api.w.org\/{rel}","templated":true}]}}