{"id":3805,"date":"2025-11-13T11:44:39","date_gmt":"2025-11-13T14:44:39","guid":{"rendered":"https:\/\/isfd810-chu.infd.edu.ar\/sitio\/?page_id=3805"},"modified":"2025-11-13T11:47:05","modified_gmt":"2025-11-13T14:47:05","slug":"tecnicatura-en-analisis-quimico-biologico","status":"publish","type":"page","link":"https:\/\/isfd810-chu.infd.edu.ar\/sitio\/tecnicatura-en-analisis-quimico-biologico\/","title":{"rendered":"Tecnicatura en An\u00e1lisis qu\u00edmico biol\u00f3gico"},"content":{"rendered":"\n<p>T\u00edtulo a otorgar: T\u00e9cnico\/a Superior en An\u00e1lisis Qu\u00edmico-Biol\u00f3gico<\/p>\n\n\n\n<p>Duraci\u00f3n de la carrera: 3 (tres) a\u00f1os acad\u00e9micos<\/p>\n\n\n\n<p>Modalidad: Presencial<\/p>\n\n\n\n<p>Horario de cursado: 18,00 a 22,30 hs (turno vespertino)<\/p>\n\n\n\n<p><strong>Perfil del Egresado<\/strong><\/p>\n\n\n\n<p>El T\u00e9cnico Superior en An\u00e1lisis Qu\u00edmico Biol\u00f3gico est\u00e1 en condiciones de:<\/p>\n\n\n\n<p>Aplicar t\u00e9cnicas Normalizadas de An\u00e1lisis Qu\u00edmicos y ajustar poniendo a punto nuevas t\u00e9cnicas de an\u00e1lisis.<\/p>\n\n\n\n<p>Desempe\u00f1ar tareas de control de variables en procesos en plantas industriales.<\/p>\n\n\n\n<p>Dimensionalizar datos procedentes de plantas pilotos y laboratorios para su aplicaci\u00f3n en procesos de l\u00edneas industriales Interpretar resultados de informes de control de calidad, trabajos de investigaci\u00f3n e informes de l\u00edneas de producci\u00f3n.<\/p>\n\n\n\n<p>Desempe\u00f1ar tareas de laboratorio en la ejecuci\u00f3n de an\u00e1lisis qu\u00edmicos cualitativos y cuantitativos para el control de calidad de materias primas, productos intermedios y productos terminados.<\/p>\n\n\n\n<p>Desempe\u00f1ar tareas de laboratorio en an\u00e1lisis cl\u00ednicos.<\/p>\n\n\n\n<p>Exponer informes, proyectos e interpretar y argumentar ventajas y desventajas de informes propios y de terceros.<\/p>\n\n\n\n<p>Participar en tareas de inspecci\u00f3n, evaluaci\u00f3n, operaci\u00f3n y mantenimiento de plantas elaboradoras de productos industriales y establecimientos de comercializaci\u00f3n. Ofrecer soporte t\u00e9cnico a proveedores y productores de alimentos. Desempe\u00f1ar tareas en laboratorios farmacol\u00f3gicos.<\/p>\n\n\n\n<p><strong>Competencia del Egresado:<\/strong><\/p>\n\n\n\n<p>El conjunto de realizaciones profesionales que los egresados pueden demostrar en las diversas situaciones de trabajo propias de su \u00e1rea ocupacional como competencia general del T\u00e9cnico Superior en An\u00e1lisis Qu\u00edmico Biol\u00f3gico se sintetizan en:<\/p>\n\n\n\n<p>&#8211; Analizar qu\u00edmica y microbiol\u00f3gicamente muestras de productos, de material biol\u00f3gico, materias primas, muestras para el control ambiental.<\/p>\n\n\n\n<p>&#8211; Realizar controles de calidad de materias primas y productos en l\u00edneas de producci\u00f3n industrial. Preparar y valorar soluciones de uso frecuente en el laboratorio<\/p>\n\n\n\n<p>&#8211; Procesar el aislamiento, s\u00edntesis y purificaci\u00f3n de sustancias qu\u00edmicas Programar las actividades a realizar en el laboratorio.<strong><\/strong><\/p>\n\n\n\n<p>-Supervisar la correcta recepci\u00f3n de las muestras. Confeccionar los informes respectivos de cada an\u00e1lisis realizado Informar, al profesional responsable del laboratorio, la evoluci\u00f3n de los controles qu\u00edmicos o microbiol\u00f3gicos realizados<\/p>\n\n\n\n<p>&#8211; Cumplir con las normas de bio\u00e9tica y bioseguridad en su actividad diaria.<\/p>\n\n\n\n<p>&#8211; Asesorar en la adquisici\u00f3n de productos, instrumental y equipos de uso espec\u00edfico en el laboratorio.<\/p>\n\n\n\n<p>&nbsp;&#8211; Asesorar en la venta de productos qu\u00edmicos, biotecnol\u00f3gicos y medios de cultivo microbiol\u00f3gicos, as\u00ed como instrumental espec\u00edfico del \u00e1rea.<\/p>\n","protected":false},"excerpt":{"rendered":"<p>T\u00edtulo a otorgar: T\u00e9cnico\/a Superior en An\u00e1lisis Qu\u00edmico-Biol\u00f3gico Duraci\u00f3n de la carrera: 3 (tres) a\u00f1os acad\u00e9micos Modalidad: Presencial Horario de cursado: 18,00 a 22,30 hs (turno vespertino) Perfil del Egresado El T\u00e9cnico Superior en An\u00e1lisis Qu\u00edmico Biol\u00f3gico est\u00e1 en condiciones de: Aplicar t\u00e9cnicas Normalizadas de An\u00e1lisis Qu\u00edmicos y ajustar poniendo a punto nuevas t\u00e9cnicas de &#8230; <a title=\"Tecnicatura en An\u00e1lisis qu\u00edmico biol\u00f3gico\" class=\"read-more\" href=\"https:\/\/isfd810-chu.infd.edu.ar\/sitio\/tecnicatura-en-analisis-quimico-biologico\/\" aria-label=\"More on Tecnicatura en An\u00e1lisis qu\u00edmico biol\u00f3gico\">[+]<\/a><\/p>\n","protected":false},"author":1283,"featured_media":0,"parent":0,"menu_order":0,"comment_status":"closed","ping_status":"closed","template":"","meta":[],"acf":[],"_links":{"self":[{"href":"https:\/\/isfd810-chu.infd.edu.ar\/sitio\/wp-json\/wp\/v2\/pages\/3805"}],"collection":[{"href":"https:\/\/isfd810-chu.infd.edu.ar\/sitio\/wp-json\/wp\/v2\/pages"}],"about":[{"href":"https:\/\/isfd810-chu.infd.edu.ar\/sitio\/wp-json\/wp\/v2\/types\/page"}],"author":[{"embeddable":true,"href":"https:\/\/isfd810-chu.infd.edu.ar\/sitio\/wp-json\/wp\/v2\/users\/1283"}],"replies":[{"embeddable":true,"href":"https:\/\/isfd810-chu.infd.edu.ar\/sitio\/wp-json\/wp\/v2\/comments?post=3805"}],"version-history":[{"count":2,"href":"https:\/\/isfd810-chu.infd.edu.ar\/sitio\/wp-json\/wp\/v2\/pages\/3805\/revisions"}],"predecessor-version":[{"id":3808,"href":"https:\/\/isfd810-chu.infd.edu.ar\/sitio\/wp-json\/wp\/v2\/pages\/3805\/revisions\/3808"}],"wp:attachment":[{"href":"https:\/\/isfd810-chu.infd.edu.ar\/sitio\/wp-json\/wp\/v2\/media?parent=3805"}],"curies":[{"name":"wp","href":"https:\/\/api.w.org\/{rel}","templated":true}]}}